mmon divisor of 3906210 and 87395.
385
What is the highest common factor of 5698 and 82769?
37
What is the greatest common divisor of 130982990 and 40?
10
Calculate the highest common divisor of 20728230 and 6.
6
What is the highest common factor of 1110122950 and 255?
85
What is the highest common divisor of 13240811 and 941?
941
What is the greatest common divisor of 66167171 and 1253?
1253
Calculate the greatest common divisor of 66432 and 11136.
384
Calculate the highest common divisor of 1311389 and 873720.
809
What is the highest common divisor of 93840 and 7344?
816
What is the greatest common divisor of 24005067 and 372?
93
Calculate the highest common divisor of 5890 and 4248395.
155
Calculate the highest common factor of 1 and 595181.
1
What is the greatest common factor of 28366229 and 46572?
3881
What is the greatest common divisor of 680 and 49492?
4
What is the highest common divisor of 910 and 157370395?
455
What is the greatest common divisor of 152100 and 285150?
150
Calculate the highest common divisor of 1062 and 1343541510.
1062
What is the greatest common factor of 429820429 and 5606?
2803
Calculate the greatest common divisor of 151 and 119840848.
151
What is the greatest common factor of 61295 and 69115?
115
Calculate the highest common divisor of 29501824 and 5888.
2944
Calculate the greatest common factor of 1260 and 30920540.
140
What is the greatest common divisor of 490 and 114586010?
490
What is the greatest common factor of 8 and 2937608?
8
What is the highest common factor of 542361 and 66624?
1041
Calculate the greatest common factor of 3754 and 4636.
2
What is the greatest common divisor of 4155998 and 84?
14
Calculate the greatest common factor of 149930973 and 257.
257
What is the greatest common divisor of 29316753 and 1843?
19
Calculate the highest common divisor of 781 and 37755457.
71
Calculate the greatest common factor of 642 and 13379173.
107
What is the highest common factor of 4961200 and 381824?
2512
Calculate the greatest common divisor of 24 and 2234805.
3
What is the highest common factor of 666 and 580469616?
666
Calculate the greatest common divisor of 1639138 and 23722.
58
What is the greatest common factor of 114250 and 1526380?
4570
What is the greatest common factor of 590808 and 15450?
618
Calculate the greatest common factor of 8 and 66323792.
8
Calculate the greatest common divisor of 110868780 and 330.
330
Calculate the greatest common factor of 905 and 132143937.
181
Calculate the highest common factor of 14465170 and 2225.
445
Calculate the highest common divisor of 13503605 and 265.
265
What is the greatest common divisor of 9472 and 2516000?
1184
What is the highest common factor of 1308 and 4153881?
327
What is the greatest common divisor of 755626 and 335?
67
What is the greatest common factor of 1593417 and 5313?
483
Calculate the highest common divisor of 46147479 and 105.
21
What is the highest common divisor of 3845075 and 625?
25
Calculate the greatest common divisor of 271307 and 9434.
53
What is the highest common divisor of 3756 and 366740222?
626
Calculate the highest common factor of 820 and 65873593.
41
Calculate the greatest common factor of 1146209 and 28783.
269
Calculate the greatest common divisor of 98848 and 544.
32
What is the greatest common divisor of 430 and 2430532?
86
Calculate the highest common divisor of 494 and 17241913.
13
What is the greatest common divisor of 5 and 3166285?
5
What is the highest common factor of 3772 and 14980268?
92
Calculate the highest common factor of 500040 and 168.
24
Calculate the highest common divisor of 10593 and 7917679.
1177
Calculate the highest common factor of 7424568 and 10952.
296
Calculate the highest common divisor of 50880 and 234720.
480
What is the highest common divisor of 9088 and 9486736?
1136
What is the greatest common divisor of 816 and 661392?
48
Calculate the greatest common factor of 10 and 18142645.
5
What is the greatest common factor of 4503 and 2356?
19
What is the greatest common factor of 277512432 and 2368?
592
Calculate the greatest common factor of 6707312 and 1032.
344
Calculate the highest common divisor of 211315 and 21040472.
3251
Calculate the highest common factor of 1254 and 114133646.
418
What is the highest common factor of 16498257 and 9584?
599
What is the highest common divisor of 426455 and 328415?
95
Calculate the greatest common factor of 1946972 and 17548.
428
Calculate the greatest common divisor of 125686952 and 40264.
5752
What is the greatest common divisor of 64 and 582983616?
64
Calculate the highest common factor of 97264218 and 4182.
246
What is the greatest common factor of 24651821 and 1?
1
What is the greatest common divisor of 84 and 39262888?
28
Calculate the highest common divisor of 5488623 and 1638.
63
Calculate the highest common divisor of 44190886 and 2168.
542
Calculate the highest common factor of 16144 and 6928.
16
Calculate the highest common divisor of 145558 and 13986.
518
Calculate the greatest common factor of 3774072 and 54.
6
Calculate the highest common divisor of 81 and 21104496.
27
Calculate the greatest common factor of 18328 and 20855368.
632
What is the highest common factor of 87242 and 658412?
482
Calculate the highest common factor of 27751221 and 297.
27
Calculate the highest common factor of 34111 and 151890081.
3101
Calculate the greatest common divisor of 96944540 and 14960.
3740
Calculate the greatest common divisor of 1768437103 and 3629.
3629
Calculate the greatest common divisor of 910840 and 34804.
28
Calculate the greatest common divisor of 220342 and 8410.
1682
Calculate the highest common factor of 192284 and 13462.
106
What is the greatest common divisor of 1001 and 283764481?
1001
What is the greatest common divisor of 55316304 and 864?
432
Calculate the greatest common divisor of 7718607 and 9990.
333
Calculate the greatest common factor of 7892550 and 45.
45
Calculate the highest common divisor of 5488479 and 4779.
81
Calculate the highest common divisor of 214 and 1498581438.
214
Calculate the greatest common divisor of 3170 and 17939664.
634
What is the greatest common factor of 40 and 44224720?
40
What is the greatest common factor of 3589 and 18089724?
97
Calculate the greatest common factor of 740094 and 4002.
138
What is the greatest common factor of 67196 and 132038?
214
What is the highest common factor of 3016510 and 28?
14
Calculate the highest common divisor of 129359 and 487243.
277
Calculate the highest common divisor of 30195 and 17335890.
495
Calculate the highest common factor of 24572 and 47384.
4
Calculate the greatest common divisor of 25536848 and 16.
16
Calculate the highest common divisor of 5288 and 146488.
8
What is the highest common factor of 1033044 and 6882?
186
What is the highest common factor of 306393451 and 574?
287
Calculate the greatest common factor of 1058163 and 6882.
111
What is the highest common factor of 2063127 and 1914?
33
Calculate the greatest common factor of 10793241 and 99.
9
What is the highest common factor of 17672765 and 11?
11
What is the highest common divisor of 752960 and 17195?
905
Calculate the highest common factor of 6424464 and 480.
48
Calculate the highest common divisor of 5726 and 354194.
818
What is the highest common factor of 307303 and 775?
31
What is the greatest common divisor of 90967778 and 2980?
298
Calculate the greatest common factor of 84 and 526989.
3
Calculate the greatest common divisor of 450637 and 111485.
11
Calculate the greatest common divisor of 6681104 and 211.
211
What is the highest common divisor of 1910769 and 511?
7
Calculate the greatest common factor of 394 and 65063781.
197
Calculate the highest common divisor of 18614710 and 20.
10
Calculate the greatest common divisor of 98615364 and 444.
12
Calculate the greatest common factor of 2035 and 694087625.
2035
Calculate the highest common divisor of 496471419 and 9.
9
Calculate the highest common factor of 66 and 89376.
6
What is the greatest common divisor of 439422 and 102?
6
Calculate the greatest common factor of 25187 and 324761.
89
What is the highest common divisor of 1368829 and 183106?
2233
What is the highest common factor of 8129 and 20339497?
739
What is the greatest c